{"id":57,"date":"2022-06-10T19:20:52","date_gmt":"2022-06-10T17:20:52","guid":{"rendered":"https:\/\/wp.wibex.net\/?page_id=57"},"modified":"2022-06-16T18:56:51","modified_gmt":"2022-06-16T16:56:51","slug":"translokacje-1rs-1al-i-1rs-1bl","status":"publish","type":"page","link":"https:\/\/wibex.net\/index.php\/oferta\/pszenica-pl\/translokacje-1rs-1al-i-1rs-1bl\/","title":{"rendered":"Translokacje 1RS.1AL i 1RS.1BL"},"content":{"rendered":"\n<p>Identyfikacja translokacji kr\u00f3tkiego ramienia chromosomu 1R z \u017cyta w miejsce kr\u00f3tkiego ramienia chromosomu 1A lub 1B w pszenicy.<\/p>\n\n\n\n<figure class=\"wp-block-image size-full csomor-image-zoom\"><img loading=\"lazy\" decoding=\"async\" width=\"540\" height=\"400\" src=\"http:\/\/wibex.net\/wp-content\/uploads\/2022\/06\/translokacje.jpg\" alt=\"\" class=\"wp-image-58\" srcset=\"https:\/\/wibex.net\/wp-content\/uploads\/2022\/06\/translokacje.jpg 540w, https:\/\/wibex.net\/wp-content\/uploads\/2022\/06\/translokacje-300x222.jpg 300w\" sizes=\"auto, (max-width: 540px) 100vw, 540px\" \/><\/figure>\n","protected":false},"excerpt":{"rendered":"<p>Identyfikacja translokacji kr\u00f3tkiego ramienia chromosomu 1R z \u017cyta w miejsce kr\u00f3tkiego ramienia chromosomu 1A lub 1B w pszenicy.<\/p>\n","protected":false},"author":1,"featured_media":0,"parent":20,"menu_order":1,"comment_status":"closed","ping_status":"closed","template":"","meta":{"footnotes":""},"class_list":["post-57","page","type-page","status-publish","hentry"],"_links":{"self":[{"href":"https:\/\/wibex.net\/index.php\/wp-json\/wp\/v2\/pages\/57","targetHints":{"allow":["GET"]}}],"collection":[{"href":"https:\/\/wibex.net\/index.php\/wp-json\/wp\/v2\/pages"}],"about":[{"href":"https:\/\/wibex.net\/index.php\/wp-json\/wp\/v2\/types\/page"}],"author":[{"embeddable":true,"href":"https:\/\/wibex.net\/index.php\/wp-json\/wp\/v2\/users\/1"}],"replies":[{"embeddable":true,"href":"https:\/\/wibex.net\/index.php\/wp-json\/wp\/v2\/comments?post=57"}],"version-history":[{"count":7,"href":"https:\/\/wibex.net\/index.php\/wp-json\/wp\/v2\/pages\/57\/revisions"}],"predecessor-version":[{"id":636,"href":"https:\/\/wibex.net\/index.php\/wp-json\/wp\/v2\/pages\/57\/revisions\/636"}],"up":[{"embeddable":true,"href":"https:\/\/wibex.net\/index.php\/wp-json\/wp\/v2\/pages\/20"}],"wp:attachment":[{"href":"https:\/\/wibex.net\/index.php\/wp-json\/wp\/v2\/media?parent=57"}],"curies":[{"name":"wp","href":"https:\/\/api.w.org\/{rel}","templated":true}]}}